 Suppose 92 = 4*d - v. Calculate the highest common factor of d and 11.
11
Suppose o - 15 = -2. Let y = o + -8. Suppose 210 = -2*b + y*b. What is the greatest common factor of b and 28?
14
Suppose 144 - 39 = 3*p. What is the highest common factor of p and 14?
7
Let a = -54 - -110. What is the greatest common factor of a and 14?
14
Suppose -1315 = 5*y + 2*a, 2*y + 303 = -5*a - 223. Let d be (-3)/(-2) + y/(-2). Calculate the highest common factor of d and 19.
19
Suppose 32 = 3*a - 28. What is the greatest common factor of a and 160?
20
Let q be (-13)/26 + 241/2. Calculate the greatest common factor of q and 15.
15
Let j be (-3)/2 + (-124)/(-8). Let f = j + -8. Calculate the highest common divisor of 9 and f.
3
Let h = -3 + 2. Let r be h/(3/(-6)) - -1. Suppose 0 = -3*c + c + 3*j + 36, j + 17 = c. What is the greatest common divisor of r and c?
3
Suppose 2*v = -v + 54. What is the greatest common factor of 12 and v?
6
Let w(y) = 2*y**2 - 6*y - 4. Suppose 2*x + 3*x + 2*l + 24 = 0, 0 = -2*l - 4. Let z be w(x). Calculate the greatest common divisor of z and 13.
13
Let j(b) = b**2 + 11*b - 7. Let x be j(-12). Suppose 3*u - 44 + x = 0. Calculate the highest common divisor of 39 and u.
13
Suppose b = -0 + 1. Calculate the greatest common divisor of b and 4.
1
Let g be (0 + 3 - -3)/2. Let d = 13 - 1. What is the highest common divisor of g and d?
3
Suppose -72 = 12*r - 18*r. What is the highest common factor of r and 20?
4
Let q(l) = -2*l - 7. Let v be q(-5). Calculate the greatest common divisor of v and 33.
3
Let m = 8 + -4. Calculate the highest common factor of m and 16.
4
Suppose -4*o - 2*b + 20 = 0, -7 = o - 5*b - 1. Suppose -3*d = -5*d + 2. Let w be (-2)/d*(-30)/o. What is the highest common divisor of w and 135?
15
Let a be (1/2)/(4/16). Suppose -a*b = -3*b. Let q = b - -36. What is the highest common factor of q and 18?
18
Suppose -10 = -o - 3*o + 3*a, 2*o - 10 = -a. Suppose -o*y = 5 - 13. Suppose 0 = -y*q - 3*q + 50. What is the greatest common divisor of q and 5?
5
Suppose 3 = 3*c + 18, 4*c + 158 = 2*q. Calculate the greatest common divisor of 46 and q.
23
Let a(s) = 2*s**2 - 7*s + 6. Let c be a(5). Suppose 17*u = c*u - 88. Calculate the greatest common factor of u and 2.
2
Suppose -3*x = -x + 3*j - 34, 0 = -4*x - 4*j + 60. Let r = -120 + 197. What is the highest common factor of x and r?
11
Let v = 5 + -4. Let l be (v*3)/((-3)/(-2)). What is the greatest common divisor of 14 and l?
2
Suppose h - 5 = 2*o + o, 5*o - 125 = -5*h. What is the greatest common factor of 4 and h?
4
Suppose 30*w = 22*w + 24. What is the highest common divisor of w and 33?
3
Suppose -3*s - 9 = 54. Let f = 30 + s. Suppose -3*u = 5*m - 15, -3*u = -u + 10. What is the greatest common factor of m and f?
3
Let w(x) = -x**2 + 12*x - 11. Let f be w(7). Calculate the highest common factor of 60 and f.
12
Let y(b) = b**3 + 10*b**2 - 2. Let i be y(-8). Let d = 6 + 8. What is the highest common divisor of d and i?
14
Let i = 4 + -3. Suppose 4*n - 3*v = 11, -i + 8 = 2*n - 3*v. Let m be 67 - (0 - (n - -1)). What is the highest common divisor of m and 10?
10
Let p(t) = -t**2 + 9*t - 5. Let v be p(4). What is the highest common divisor of v and 135?
15
Suppose 0 = 3*c + c - 40. What is the highest common factor of c and 15?
5
Let a(w) = 3*w - 3. Let y be a(6). What is the highest common divisor of y and 75?
15
Suppose -57*p - 108 = -63*p. Suppose 0 = 3*l - 4*z - 110 - 118, 3*l + z - 213 = 0. What is the greatest common factor of l and p?
18
Suppose -k + 6 + 0 = 0. Calculate the greatest common factor of k and 66.
6
Let l = -518 - -558. Let r be (-2)/(-2) + (1 - -3). What is the greatest common divisor of r and l?
5
Let z = 2 - 3. Let c be (3 + 2 + -6)*z. Calculate the highest common divisor of c and 10.
1
Let t be (21/(-4))/(1/(-8)). Suppose 0 = i + 2*i - t. What is the highest common divisor of i and 56?
14
Let d = 85 - 75. What is the highest common divisor of 50 and d?
10
Let s(t) = 0 - 12*t + 0 + 4 - 38*t. Let h be s(-3). Calculate the greatest common divisor of 22 and h.
22
Let b be -1*(-24 + (-4 - -3)). Let j(a) = -3*a**2 + a + 1. Let m be j(-1). Let c be 3*(-2)/m - -3. Calculate the highest common divisor of b and c.
5
Suppose -n - 2*w + 30 = 0, -n + w + 55 = 2*n. What is the highest common factor of 40 and n?
20
Let q(h) = h**3 - 7*h**2 + 2*h - 10. Let y be q(7). Let z be ((-2)/(-8))/(-4 - (-132)/32). Calculate the highest common divisor of z and y.
2
Suppose -4*l + 2*i + 41 + 3 = 0, -4*i + 20 = l. What is the greatest common divisor of 96 and l?
12
Suppose -201 = -4*p + 111. Suppose -2*j + p = x + 2*j, -4*x + 270 = -5*j. Calculate the greatest common factor of 10 and x.
10
Let s(p) = p**3 + 10*p**2 - 6*p - 3. Let f be s(-10). Let a = f + -24. Calculate the highest common divisor of 3 and a.
3
Let h(w) = 3*w - 2. Let j be h(2). Suppose -g = -j*g + 15. Suppose 2*l = l, -5*z + g*l = -165. What is the highest common factor of 3 and z?
3
Let v = 16 - 10. Let f(g) = -g - 3 + 3*g - 1 + v. Let u be f(7). Calculate the greatest common divisor of 40 and u.
8
Suppose 5*c = -0*c + 5. Suppose -3*n - c = 5. Let t be n/5 - (-141)/15. Calculate the greatest common divisor of t and 63.
9
Suppose 0*k + 138 = 3*k. Suppose -3*v - 28 = -7*v. Suppose -3*x = -k + v. What is the greatest common divisor of x and 13?
13
Suppose -5*p - 29 = l - 2*l, 4*p - 87 = -5*l. Let h = l + -9. Calculate the greatest common divisor of h and 10.
10
Suppose -2*w - 5*l = -21, -5*w - 5*l + 23 = -7. Suppose -w*p = -p. Let j = p - -3. Calculate the greatest common factor of j and 21.
3
Let x(j) = j**2 - 12*j - 1. Let n be x(6). Let k be 0/(-2) - (n + 2). Let m be (4/5)/(8/140). What is the highest common divisor of k and m?
7
Let h(r) = -3*r - 32. Let b be h(-13). Suppose -138 = -5*y + 177. Calculate the greatest common factor of b and y.
7
Let l = 18 - 9. Let c(z) = z**3 - 9*z**2 + 13*z + 3. Let o be c(l). What is the highest common divisor of 15 and o?
15
Let t be 36/(-5)*25/(-10). What is the greatest common divisor of 27 and t?
9
Let c(r) = -21*r - 21. Let y be c(-5). What is the greatest common divisor of y and 126?
42
Suppose 6*x = -3 + 45. What is the highest common factor of x and 63?
7
Suppose -3*j - 53 = -v - 7*j, 5*j - 340 = -5*v. Suppose 2*p = 4*t + 52, 3*p = -t + v - 30. What is the highest common factor of p and 144?
16
Let j = -58 + 81. What is the greatest common divisor of j and 46?
23
Let i(k) be the second derivative of -k**3/3 - k**2/2 - 2*k. Let q be i(-4). Calculate the greatest common divisor of 56 and q.
7
Suppose -5 = f, 0 = 2*s - 4*f + f - 23. Let a(p) = 3*p**2 - 3*p. Let c be a(-3). Calculate the highest common factor of c and s.
4
Let g be 11 - (3 + -3 + -3). Suppose 0 = 5*l + 2*s + 1, -l = -2*l - 3*s - 8. Let r be l + 1*(-2 + 155). What is the greatest common divisor of r and g?
14
Suppose -3*d + 0*d + 15 = 0. Suppose -3*h = d - 41. Calculate the greatest common factor of h and 18.
6
Let k = 18 - 2. Suppose v + k = 2*r + 3*v, 20 = 4*v. Suppose -31 - 11 = -r*l. What is the greatest common divisor of l and 56?
14
Let l be 81/15 - (-12)/(-30). What is the greatest common divisor of l and 15?
5
Suppose -4 = 4*v, -2*l + 8 = -3*v - v. Let o(j) = -j**2 - 6*j - 3. Let u be o(-5). What is the greatest common factor of l and u?
2
Let a(u) be the third derivative of -u**6/120 + u**5/5 - 13*u**4/24 - 5*u**3/3 + 4*u**2. Let l be a(10). What is the highest common divisor of l and 15?
15
Let z(g) = g - 9. Suppose 65 = n + 4*n. Let j be z(n). Calculate the greatest common factor of j and 36.
4
Let m = 98 - 17. What is the highest common divisor of 9 and m?
9
Suppose -49*z + 4*v + 708 = -45*z, 0 = -5*z - 5*v + 875. Suppose m - 4 = 16. Suppose 130 = 5*i + m. Calculate the highest common divisor of z and i.
22
Let o be 100*(-1)/(-10)*4. Let u be 156/16 - 2/(-8). What is the greatest common factor of u and o?
10
Let u(h) be the second derivative of 2*h**3/3 + h**2 - 2*h. Let f be u(5). Let d(s) = s + 6. Let v be d(5). What is the highest common factor of f and v?
11
Let l(s) = 6*s**2 + s. Let v be l(-2). What is the highest common factor of v and 242?
22
Suppose 5*y + 0*u - 4 = -2*u, y + 13 = -5*u. Suppose -y*k + 2 = -4*f, k - 2 + 0 = f. Calculate the highest common divisor of k and 33.
3
Let i be (-3)/7 -